49229 a composite number?
False
Is 46707088893 a prime number?
False
Is 140020719893 composite?
False
Is 9479220127 a prime number?
False
Is 87463440191 a composite number?
False
Is 749976807 a composite number?
True
Is 1825726303 a composite number?
False
Is 1065092179 prime?
True
Is 4994675333 composite?
True
Is 5316031463 composite?
False
Is 45936409 prime?
True
Is 7526818993 a prime number?
True
Is 505010111 prime?
True
Is 3677393101 a prime number?
False
Is 170079037 a prime number?
True
Is 20587613393 composite?
True
Is 1398157261 a prime number?
True
Is 1042697207 a composite number?
True
Is 6096980899 a composite number?
True
Is 2080762087 composite?
True
Is 2928254507 prime?
False
Is 12622684313 prime?
False
Is 688951511 prime?
True
Is 1938940801 prime?
False
Is 1557102121 a composite number?
True
Is 2148845873 a prime number?
True
Is 1610407531 a composite number?
False
Is 6495724483 a prime number?
False
Is 21719586254 a composite number?
True
Is 12803625383 a prime number?
True
Is 370878337 composite?
True
Is 1151317169 prime?
False
Is 351148706 a prime number?
False
Is 811809443 a composite number?
True
Is 30167521523 composite?
False
Is 6950459779 prime?
False
Is 110531533 a composite number?
True
Is 14847488783 prime?
True
Is 2302111447 a composite number?
True
Is 9037267423 a composite number?
True
Is 312969781123 composite?
False
Is 4099296359 prime?
True
Is 50913564851 composite?
True
Is 6012337033 a composite number?
False
Is 16228011373 a prime number?
False
Is 601179727 a prime number?
False
Is 404385869 a composite number?
True
Is 2778306647 composite?
False
Is 1730221193 a prime number?
True
Is 4615752863 a composite number?
False
Is 213774103 composite?
False
Is 188843591 a prime number?
True
Is 3376000483 a composite number?
False
Is 5932530677 composite?
False
Is 7565423881 a prime number?
False
Is 19107203779 composite?
False
Is 8418577298 a composite number?
True
Is 129365057 prime?
True
Is 5263791843 a prime number?
False
Is 2122853303 a composite number?
True
Is 127978441 a composite number?
False
Is 2633862013 prime?
True
Is 25363010839 a prime number?
True
Is 111815177 a composite number?
True
Is 53020782337 a composite number?
False
Is 9940596139 a composite number?
False
Is 59682771133 a prime number?
True
Is 89859762389 a prime number?
False
Is 102767741017 a prime number?
True
Is 137945656894 a prime number?
False
Is 86111466613 composite?
True
Is 1144093499 a prime number?
True
Is 39863664389 prime?
True
Is 6519941027 a prime number?
False
Is 22789904582 composite?
True
Is 2373863369 a composite number?
False
Is 79205981461 a prime number?
True
Is 1214518549 prime?
True
Is 3067884569 prime?
False
Is 23538089 composite?
False
Is 8770275821 prime?
True
Is 1782433167 composite?
True
Is 33166540687 composite?
True
Is 1512551099 a composite number?
False
Is 188170561 composite?
True
Is 6590813641 prime?
False
Is 9441996679 prime?
True
Is 345470857 a composite number?
False
Is 57847872859 composite?
True
Is 128393297 a composite number?
False
Is 38921112547 composite?
True
Is 247852897 a composite number?
False
Is 3754786781 a prime number?
True
Is 712054771 a composite number?
False
Is 3677556353 a composite number?
False
Is 4053744269 composite?
False
Is 2683573933 a composite number?
True
Is 18211119181 a prime number?
False
Is 87325247 composite?
False
Is 1446004103 composite?
False
Is 11119756561 a prime number?
True
Is 2905452821 prime?
True
Is 335618833 prime?
False
Is 1150117373 a prime number?
False
Is 305957677 composite?
False
Is 57131502817 prime?
True
Is 9282731351 composite?
False
Is 83887957 a composite number?
True
Is 17881137887 a prime number?
False
Is 20411306302 a prime number?
False
Is 940651805 composite?
True
Is 33129105559 a composite number?
True
Is 1789239107 prime?
True
Is 3192448729 prime?
True
Is 4645823583 prime?
False
Is 3857641691 prime?
True
Is 1401321491 a prime number?
True
Is 6686298257 prime?
True
Is 11425193447 a composite number?
False
Is 1304522873 prime?
False
Is 112167704111 composite?
True
Is 1197213947 prime?
True
Is 535796413 composite?
False
Is 5795329511 a prime number?
False
Is 1186591079 a composite number?
True
Is 409411231 composite?
False
Is 38863830253 a composite number?
False
Is 2337916433 prime?
True
Is 982422307 prime?
True
Is 562722971 composite?
False
Is 2371688441 composite?
False
Is 2332023461 composite?
True
Is 1552348981 a prime number?
True
Is 26274918331 a composite number?
False
Is 111365277 a composite number?
True
Is 57034377713 a prime number?
True
Is 1879448507 prime?
True
Is 990506701 a composite number?
False
Is 15603823097 composite?
False
Is 1426347199 prime?
True
Is 15169288613 a composite number?
False
Is 24470445053 prime?
True
Is 152206427 a prime number?
True
Is 9874169453 composite?
False
Is 15929538593 composite?
True
Is 1120495511 a prime number?
True
Is 11274445061 prime?
False
Is 140857315829 prime?
False
Is 2677470371 composite?
True
Is 155816148883 a composite number?
False
Is 8037751318 a composite number?
True
Is 14688291005 a prime number?
False
Is 3010708387 composite?
False
Is 18102775315 a composite number?
True
Is 479237569 a prime number?
False
Is 28620200863 prime?
True
Is 747473893 composite?
True
Is 55571787629 a composite number?
False
Is 13061590593 a prime number?
False
Is 12455488829 a composite number?
True
Is 426932903 a composite number?
True
Is 6290995357 prime?
True
Is 389415019 composite?
True
Is 338740247 prime?
True
Is 6070858181 prime?
False
Is 135925171133 a prime number?
False
Is 1450773257 a prime number?
True
Is 3307414829 composite?
False
Is 145282849 prime?
True
Is 1425403279 prime?
True
Is 1976679571 composite?
False
Is 166462199 composite?
True
Is 450063853 a composite number?
False
Is 2181532739 a prime number?
False
Is 2880414011 a composite number?
True
Is 29139516331 a composite number?
False
Is 1167468143 prime?
True
Is 56455716886 a composite number?
True
Is 46628358797 prime?
True
Is 175843459381 a composite number?
False
Is 42266404379 a composite number?
False
Is 14572425731 a prime number?
False
Is 30185573003 a composite number?
True
Is 4924053203 a prime number?
False
Is 59111319689 composite?
True
Is 450861331289 composite?
False
Is 6683272447 composite?
True
Is 1100058005 composite?
True
Is 7349445091 prime?
False
Is 18564477081 prime?
False
Is 14861111579 a prime number?
False
Is 2712389039 a prime number?
True
Is 21444159841 a prime number?
False
Is 2374093747 composite?
False
Is 5731682149 composite?
False
Is 273942715 a composite number?
True
Is 12623049757 a prime number?
True
Is 27268147247 a composite number?
True
Is 6649667593 a prime number?
False
Is 320571707 a prime number?
True
Is 8434312547 prime?
True
Is 13799774507 a prime number?
True
Is 3006556769 prime?
True
Is 67324429141 a composite number?
False
Is 20561861731 prime?
False
Is 4040999903 prime?
True
Is 667124475155 a prime number?
False
Is 3632551441 composite?
False
Is 474426853 composite?
True
Is 299421923 prime?
True
Is 3446418751 a prime number?
False
Is 368457288709 a prime number?
True
Is 9884469907 a composite number?
True
Is 39925811743 composite?
False
Is 204361537 composite?
True
Is 250101749 a composite number?
False
Is 313072787 prime?
True
Is 531889199 composite?
True
Is 2102097911 a composite number?
False
Is 21402652153 a composite number?
False
Is 33853541979 a composite number?
True
Is 1669361549 a prime number?
True
Is 2178026077 a prime number?
False
Is 287374837 composite?
False
Is 39230668769 a composite number?
False
Is 8811267863 a composite number?
False
Is 114478321 prime?
True
Is 6610467733 a prime number?
True
Is 22882712863 a prime number?
False
Is 160140553 prime?
False
Is 5638956331 a prime number?
True
Is 5120204371 a prime number?
True
Is 65759876537 composite?
False
Is 3407814311 a prime number?
False
Is 8439317009 a composite number?
True
Is 2350597879 prime?
False
Is 54368155766 composite?
True
Is 16766622569 composite?
False
Is 489224431 a prime number?
True
Is 22221673277 prime?
False
Is 3801848213 a composite number?
True
Is 30839666867 a prime number?
False
Is 21232809743 composite?
True
Is 1982059139 a composite number?
True
Is 2620018007 composite?
False
Is 86467775353